{"id":150,"date":"2019-01-27T13:03:52","date_gmt":"2019-01-27T12:03:52","guid":{"rendered":"http:\/\/feuerwehr-neunburg.de\/web\/?page_id=150"},"modified":"2026-02-07T07:27:33","modified_gmt":"2026-02-07T06:27:33","slug":"fahrzeuge","status":"publish","type":"page","link":"https:\/\/feuerwehr-neunburg.de\/web\/fahrzeuge\/","title":{"rendered":"Fahrzeuge"},"content":{"rendered":"\n<div style=\"height:50px\" aria-hidden=\"true\" class=\"wp-block-spacer\"><\/div>\n\n\n\n\n\n<div class=\"wp-block-group\"><div class=\"wp-block-group__inner-container is-layout-constrained wp-block-group-is-layout-constrained\">\n<div class=\"wp-block-columns has-2-columns is-layout-flex wp-container-core-columns-is-layout-9d6595d7 wp-block-columns-is-layout-flex\">\n<div class=\"wp-block-column is-layout-flow wp-block-column-is-layout-flow\"><div class=\"wp-block-image is-style-circle-mask\">\n<figure class=\"alignright size-large is-resized\"><a href=\"https:\/\/feuerwehr-neunburg.de\/web\/wp-content\/uploads\/2020\/01\/DSC03817_02-1.jpg\"><img loading=\"lazy\" decoding=\"async\" width=\"1024\" height=\"598\" src=\"https:\/\/feuerwehr-neunburg.de\/web\/wp-content\/uploads\/2020\/01\/DSC03817_02-1-1024x598.jpg\" alt=\"\" class=\"wp-image-2110\" style=\"width:346px;height:201px\" srcset=\"https:\/\/feuerwehr-neunburg.de\/web\/wp-content\/uploads\/2020\/01\/DSC03817_02-1-1024x598.jpg 1024w, https:\/\/feuerwehr-neunburg.de\/web\/wp-content\/uploads\/2020\/01\/DSC03817_02-1-300x175.jpg 300w, https:\/\/feuerwehr-neunburg.de\/web\/wp-content\/uploads\/2020\/01\/DSC03817_02-1-768x448.jpg 768w, https:\/\/feuerwehr-neunburg.de\/web\/wp-content\/uploads\/2020\/01\/DSC03817_02-1-800x467.jpg 800w, https:\/\/feuerwehr-neunburg.de\/web\/wp-content\/uploads\/2020\/01\/DSC03817_02-1.jpg 1316w\" sizes=\"auto, (max-width: 1024px) 100vw, 1024px\" \/><\/a><\/figure>\n<\/div><\/div>\n\n\n\n<div class=\"wp-block-column is-layout-flow wp-block-column-is-layout-flow\">\n<ul class=\"wp-block-list\">\n<li>Florian Neunburg 11\/1<\/li>\n\n\n\n<li>Fahrzeughersteller: VW T5<\/li>\n\n\n\n<li>Aufbauhersteller: Furtner &amp; Ammer<\/li>\n\n\n\n<li>Baujahr: 2011<\/li>\n\n\n\n<li>Fahrzeugtyp: MZF (Einsatzleitwagen)<\/li>\n\n\n\n<li>Beladung: <em>PC, Drucker, Funk, Feuerwehreinsatzpl\u00e4ne, Absperrger\u00e4te, Absturzsicherung<\/em><\/li>\n<\/ul>\n<\/div>\n<\/div>\n\n\n\n<hr class=\"wp-block-separator has-css-opacity\"\/>\n<\/div><\/div>\n\n\n\n<div class=\"wp-block-group\"><div class=\"wp-block-group__inner-container is-layout-constrained wp-block-group-is-layout-constrained\">\n<div class=\"wp-block-columns has-2-columns is-layout-flex wp-container-core-columns-is-layout-9d6595d7 wp-block-columns-is-layout-flex\">\n<div class=\"wp-block-column is-layout-flow wp-block-column-is-layout-flow\"><div class=\"wp-block-image is-style-circle-mask\">\n<figure class=\"alignright size-large is-resized\"><a href=\"https:\/\/feuerwehr-neunburg.de\/web\/wp-content\/uploads\/2020\/01\/DSC03852_02-1.jpg\"><img loading=\"lazy\" decoding=\"async\" width=\"1024\" height=\"587\" src=\"https:\/\/feuerwehr-neunburg.de\/web\/wp-content\/uploads\/2020\/01\/DSC03852_02-1-1024x587.jpg\" alt=\"\" class=\"wp-image-2111\" style=\"width:353px;height:201px\" srcset=\"https:\/\/feuerwehr-neunburg.de\/web\/wp-content\/uploads\/2020\/01\/DSC03852_02-1-1024x587.jpg 1024w, https:\/\/feuerwehr-neunburg.de\/web\/wp-content\/uploads\/2020\/01\/DSC03852_02-1-300x172.jpg 300w, https:\/\/feuerwehr-neunburg.de\/web\/wp-content\/uploads\/2020\/01\/DSC03852_02-1-768x440.jpg 768w, https:\/\/feuerwehr-neunburg.de\/web\/wp-content\/uploads\/2020\/01\/DSC03852_02-1-800x459.jpg 800w, https:\/\/feuerwehr-neunburg.de\/web\/wp-content\/uploads\/2020\/01\/DSC03852_02-1.jpg 1339w\" sizes=\"auto, (max-width: 1024px) 100vw, 1024px\" \/><\/a><\/figure>\n<\/div><\/div>\n\n\n\n<div class=\"wp-block-column is-layout-flow wp-block-column-is-layout-flow\">\n<ul class=\"wp-block-list\">\n<li>Florian Neunburg 14\/1<\/li>\n\n\n\n<li>Fahrzeughersteller: Mercedes Sprinter Allrad<\/li>\n\n\n\n<li>Aufbauhersteller: Furtner &amp; Ammer<\/li>\n\n\n\n<li>Baujahr: 2016<\/li>\n\n\n\n<li>Fahrzeugtyp: Mehrzweckfahrzeug<\/li>\n\n\n\n<li>Nutzung: Personenbef\u00f6rderung und Absperrma\u00dfnahmen<\/li>\n\n\n\n<li>Beladung: <em>Funk, Absperrger\u00e4te, Aufbewahrungsboxen, Atemschutzger\u00e4teschlitten<\/em><\/li>\n<\/ul>\n<\/div>\n<\/div>\n\n\n\n<hr class=\"wp-block-separator has-css-opacity\"\/>\n<\/div><\/div>\n\n\n\n<div class=\"wp-block-group\"><div class=\"wp-block-group__inner-container is-layout-constrained wp-block-group-is-layout-constrained\">\n<div class=\"wp-block-columns has-2-columns is-layout-flex wp-container-core-columns-is-layout-9d6595d7 wp-block-columns-is-layout-flex\">\n<div class=\"wp-block-column is-layout-flow wp-block-column-is-layout-flow\"><div class=\"wp-block-image is-style-circle-mask\">\n<figure class=\"alignright size-large is-resized\"><a href=\"https:\/\/feuerwehr-neunburg.de\/web\/wp-content\/uploads\/2020\/01\/DSC03781_02-1.jpg\"><img loading=\"lazy\" decoding=\"async\" width=\"1024\" height=\"673\" src=\"https:\/\/feuerwehr-neunburg.de\/web\/wp-content\/uploads\/2020\/01\/DSC03781_02-1-1024x673.jpg\" alt=\"\" class=\"wp-image-2109\" style=\"width:343px;height:224px\" srcset=\"https:\/\/feuerwehr-neunburg.de\/web\/wp-content\/uploads\/2020\/01\/DSC03781_02-1-1024x673.jpg 1024w, https:\/\/feuerwehr-neunburg.de\/web\/wp-content\/uploads\/2020\/01\/DSC03781_02-1-300x197.jpg 300w, https:\/\/feuerwehr-neunburg.de\/web\/wp-content\/uploads\/2020\/01\/DSC03781_02-1-768x505.jpg 768w, https:\/\/feuerwehr-neunburg.de\/web\/wp-content\/uploads\/2020\/01\/DSC03781_02-1-800x526.jpg 800w, https:\/\/feuerwehr-neunburg.de\/web\/wp-content\/uploads\/2020\/01\/DSC03781_02-1.jpg 1168w\" sizes=\"auto, (max-width: 1024px) 100vw, 1024px\" \/><\/a><\/figure>\n<\/div><\/div>\n\n\n\n<div class=\"wp-block-column is-layout-flow wp-block-column-is-layout-flow\">\n<ul class=\"wp-block-list\">\n<li>Florian Neunburg 55\/1<\/li>\n\n\n\n<li>Fahrzeughersteller: MAN<\/li>\n\n\n\n<li>Aufbauhersteller: FF NEN<\/li>\n\n\n\n<li>Baujahr: 2004 (seit 2009 bei FF NEN)<\/li>\n\n\n\n<li>Fahrzeugtyp: GW-L<\/li>\n\n\n\n<li>Nutzung: Materialtransport<\/li>\n\n\n\n<li>Beladung: <em>Verschiedenstes Handwerkzeug, Hubwagen, Elektrozubeh\u00f6r, \u00d6lsperren + Zubeh\u00f6r + diverse Rollcontainer f\u00fcr: Unterbau, THL, Brand, Ausleuchten, Keller auspumpen, Boot, \u00d6lschaden<\/em> &#8230;<\/li>\n<\/ul>\n<\/div>\n<\/div>\n\n\n\n<hr class=\"wp-block-separator has-css-opacity\"\/>\n<\/div><\/div>\n\n\n\n<div class=\"wp-block-group\"><div class=\"wp-block-group__inner-container is-layout-constrained wp-block-group-is-layout-constrained\">\n<div class=\"wp-block-columns has-2-columns is-layout-flex wp-container-core-columns-is-layout-9d6595d7 wp-block-columns-is-layout-flex\">\n<div class=\"wp-block-column is-layout-flow wp-block-column-is-layout-flow\"><div class=\"wp-block-image is-style-circle-mask\">\n<figure class=\"alignright size-large is-resized\"><a href=\"https:\/\/feuerwehr-neunburg.de\/web\/wp-content\/uploads\/2020\/04\/DSC04080-scaled.jpg\"><img loading=\"lazy\" decoding=\"async\" width=\"1024\" height=\"606\" src=\"https:\/\/feuerwehr-neunburg.de\/web\/wp-content\/uploads\/2020\/04\/DSC04079-1-2-1024x606.jpg\" alt=\"\" class=\"wp-image-2584\" style=\"width:345px;height:204px\" srcset=\"https:\/\/feuerwehr-neunburg.de\/web\/wp-content\/uploads\/2020\/04\/DSC04079-1-2-1024x606.jpg 1024w, https:\/\/feuerwehr-neunburg.de\/web\/wp-content\/uploads\/2020\/04\/DSC04079-1-2-300x178.jpg 300w, https:\/\/feuerwehr-neunburg.de\/web\/wp-content\/uploads\/2020\/04\/DSC04079-1-2-768x455.jpg 768w, https:\/\/feuerwehr-neunburg.de\/web\/wp-content\/uploads\/2020\/04\/DSC04079-1-2-1536x909.jpg 1536w, https:\/\/feuerwehr-neunburg.de\/web\/wp-content\/uploads\/2020\/04\/DSC04079-1-2-2048x1213.jpg 2048w, https:\/\/feuerwehr-neunburg.de\/web\/wp-content\/uploads\/2020\/04\/DSC04079-1-2-800x474.jpg 800w\" sizes=\"auto, (max-width: 1024px) 100vw, 1024px\" \/><\/a><\/figure>\n<\/div><\/div>\n\n\n\n<div class=\"wp-block-column is-layout-flow wp-block-column-is-layout-flow\">\n<ul class=\"wp-block-list\">\n<li>Florian Neunburg 40\/1<\/li>\n\n\n\n<li>Fahrzeughersteller: MAN<\/li>\n\n\n\n<li>Aufbauhersteller: Rosenbauer<\/li>\n\n\n\n<li>Baujahr: 2019<\/li>\n\n\n\n<li>Fahrzeugtyp: LF 20<\/li>\n\n\n\n<li>Nutzung: L\u00f6scheinsatz und technische Hilfeleistung<\/li>\n\n\n\n<li>Beladung: <em>Standardbeladung f\u00fcr LF <\/em> 20<\/li>\n<\/ul>\n<\/div>\n<\/div>\n\n\n\n<hr class=\"wp-block-separator has-css-opacity\"\/>\n<\/div><\/div>\n\n\n\n<div class=\"wp-block-group\"><div class=\"wp-block-group__inner-container is-layout-constrained wp-block-group-is-layout-constrained\">\n<div class=\"wp-block-columns has-2-columns is-layout-flex wp-container-core-columns-is-layout-9d6595d7 wp-block-columns-is-layout-flex\">\n<div class=\"wp-block-column is-layout-flow wp-block-column-is-layout-flow\"><div class=\"wp-block-image is-style-circle-mask\">\n<figure class=\"alignright size-large is-resized\"><a href=\"https:\/\/feuerwehr-neunburg.de\/web\/wp-content\/uploads\/2020\/01\/DSC03580_02-1.jpg\"><img loading=\"lazy\" decoding=\"async\" width=\"1024\" height=\"629\" src=\"https:\/\/feuerwehr-neunburg.de\/web\/wp-content\/uploads\/2020\/01\/DSC03580_02-1-1024x629.jpg\" alt=\"\" class=\"wp-image-2105\" style=\"width:347px;height:212px\" srcset=\"https:\/\/feuerwehr-neunburg.de\/web\/wp-content\/uploads\/2020\/01\/DSC03580_02-1-1024x629.jpg 1024w, https:\/\/feuerwehr-neunburg.de\/web\/wp-content\/uploads\/2020\/01\/DSC03580_02-1-300x184.jpg 300w, https:\/\/feuerwehr-neunburg.de\/web\/wp-content\/uploads\/2020\/01\/DSC03580_02-1-768x471.jpg 768w, https:\/\/feuerwehr-neunburg.de\/web\/wp-content\/uploads\/2020\/01\/DSC03580_02-1-800x491.jpg 800w, https:\/\/feuerwehr-neunburg.de\/web\/wp-content\/uploads\/2020\/01\/DSC03580_02-1.jpg 1251w\" sizes=\"auto, (max-width: 1024px) 100vw, 1024px\" \/><\/a><\/figure>\n<\/div><\/div>\n\n\n\n<div class=\"wp-block-column is-layout-flow wp-block-column-is-layout-flow\">\n<ul class=\"wp-block-list\">\n<li>Florian Neunburg 40\/2<\/li>\n\n\n\n<li>Fahrzeuzhersteller: Mercedes<\/li>\n\n\n\n<li>Aufbauhersteller: Rosenbauer <\/li>\n\n\n\n<li>Baujahr: 2012<\/li>\n\n\n\n<li>Fahrzeugtyp: HLF 20<\/li>\n\n\n\n<li>Nutzung: L\u00f6scheinsatz und technische Hilfeleistung<\/li>\n\n\n\n<li>Beladung: <em>Standardbeladung HLF 20<\/em><\/li>\n<\/ul>\n<\/div>\n<\/div>\n\n\n\n<hr class=\"wp-block-separator has-css-opacity\"\/>\n<\/div><\/div>\n\n\n\n<div class=\"wp-block-group\"><div class=\"wp-block-group__inner-container is-layout-constrained wp-block-group-is-layout-constrained\">\n<div class=\"wp-block-columns has-2-columns is-layout-flex wp-container-core-columns-is-layout-9d6595d7 wp-block-columns-is-layout-flex\">\n<div class=\"wp-block-column is-layout-flow wp-block-column-is-layout-flow\"><div class=\"wp-block-image is-style-circle-mask\">\n<figure class=\"alignright size-large is-resized\"><a href=\"https:\/\/feuerwehr-neunburg.de\/web\/wp-content\/uploads\/2020\/01\/DSC03743_02-1.jpg\"><img loading=\"lazy\" decoding=\"async\" width=\"1024\" height=\"631\" src=\"https:\/\/feuerwehr-neunburg.de\/web\/wp-content\/uploads\/2020\/01\/DSC03743_02-1-1024x631.jpg\" alt=\"\" class=\"wp-image-2108\" style=\"width:347px;height:213px\" srcset=\"https:\/\/feuerwehr-neunburg.de\/web\/wp-content\/uploads\/2020\/01\/DSC03743_02-1-1024x631.jpg 1024w, https:\/\/feuerwehr-neunburg.de\/web\/wp-content\/uploads\/2020\/01\/DSC03743_02-1-300x185.jpg 300w, https:\/\/feuerwehr-neunburg.de\/web\/wp-content\/uploads\/2020\/01\/DSC03743_02-1-768x473.jpg 768w, https:\/\/feuerwehr-neunburg.de\/web\/wp-content\/uploads\/2020\/01\/DSC03743_02-1-800x493.jpg 800w, https:\/\/feuerwehr-neunburg.de\/web\/wp-content\/uploads\/2020\/01\/DSC03743_02-1.jpg 1246w\" sizes=\"auto, (max-width: 1024px) 100vw, 1024px\" \/><\/a><\/figure>\n<\/div><\/div>\n\n\n\n<div class=\"wp-block-column is-layout-flow wp-block-column-is-layout-flow\">\n<ul class=\"wp-block-list\">\n<li>Florian Neunburg 30\/1<\/li>\n\n\n\n<li>Fahrzeughersteller: MAN<\/li>\n\n\n\n<li>Aufbauhersteller: Rosenbauer <\/li>\n\n\n\n<li>Baujahr: 2016<\/li>\n\n\n\n<li>Fahrzeugtyp: L32A-XS 2.0 Drehleiter mit Korb (500 kg Nutzlast) <\/li>\n\n\n\n<li>Nutzung: Hubrettung, L\u00f6scheinsatz, technische Hilfeleistung<\/li>\n\n\n\n<li>Beladung: <em>Standardbeladung f\u00fcr DLK + zus\u00e4tzlich Absturzsicherung, Sprungretter, Tierhebegeschirr, Aufnahmen f\u00fcr: Krankentrage, Beleuchtung, Wasserwerfer, &#8230;<\/em><\/li>\n<\/ul>\n<\/div>\n<\/div>\n\n\n\n<hr class=\"wp-block-separator has-css-opacity\"\/>\n<\/div><\/div>\n","protected":false},"excerpt":{"rendered":"\n<p><a class=\"btn btn-secondary understrap-read-more-link\" href=\"https:\/\/feuerwehr-neunburg.de\/web\/fahrzeuge\/\">Weiterlesen&#8230;<span class=\"screen-reader-text\"> from Fahrzeuge<\/span><\/a><\/p>\n","protected":false},"author":5,"featured_media":0,"parent":0,"menu_order":0,"comment_status":"closed","ping_status":"closed","template":"","meta":{"footnotes":""},"class_list":["post-150","page","type-page","status-publish","hentry"],"_links":{"self":[{"href":"https:\/\/feuerwehr-neunburg.de\/web\/wp-json\/wp\/v2\/pages\/150","targetHints":{"allow":["GET"]}}],"collection":[{"href":"https:\/\/feuerwehr-neunburg.de\/web\/wp-json\/wp\/v2\/pages"}],"about":[{"href":"https:\/\/feuerwehr-neunburg.de\/web\/wp-json\/wp\/v2\/types\/page"}],"author":[{"embeddable":true,"href":"https:\/\/feuerwehr-neunburg.de\/web\/wp-json\/wp\/v2\/users\/5"}],"replies":[{"embeddable":true,"href":"https:\/\/feuerwehr-neunburg.de\/web\/wp-json\/wp\/v2\/comments?post=150"}],"version-history":[{"count":47,"href":"https:\/\/feuerwehr-neunburg.de\/web\/wp-json\/wp\/v2\/pages\/150\/revisions"}],"predecessor-version":[{"id":6274,"href":"https:\/\/feuerwehr-neunburg.de\/web\/wp-json\/wp\/v2\/pages\/150\/revisions\/6274"}],"wp:attachment":[{"href":"https:\/\/feuerwehr-neunburg.de\/web\/wp-json\/wp\/v2\/media?parent=150"}],"curies":[{"name":"wp","href":"https:\/\/api.w.org\/{rel}","templated":true}]}}